{"id":26,"date":"2024-02-10T22:32:09","date_gmt":"2024-02-10T22:32:09","guid":{"rendered":"https:\/\/apib.esccb.pt\/2023-24\/J\/?page_id=26"},"modified":"2024-03-18T08:13:41","modified_gmt":"2024-03-18T08:13:41","slug":"relatorio-12j","status":"publish","type":"page","link":"https:\/\/apib.esccb.pt\/2023-24\/J\/relatorio-12j\/","title":{"rendered":"Relat\u00f3rio 12\u00baJ"},"content":{"rendered":"<p>Grupo-01<\/p>\r\n<b>Gustavo Faria &#8211; Sim\u00e3o Tinoco<\/b>\r\n<p>\r\n<a href=\"https:\/\/apib.esccb.pt\/2023-24\/J\/wp-content\/uploads\/APIb\/12J\/Grupo01\/Relatorio\/1.pdf\" target=\"_blank\" rel=\"noopener noreferrer\"><img decoding=\"async\" style=\"border-width: 0px;\" src=\"https:\/\/apib.esccb.pt\/2023-24\/J\/wp-content\/uploads\/pdf.png\" width=\"75\" \/>\r\n<\/a>\r\n\r\n<p>Grupo-02<\/p>\r\n<b>Oleksandr &#8211; Diogo Serraa<\/b>\r\n<p>\r\n<a href=\"https:\/\/apib.esccb.pt\/2023-24\/J\/wp-content\/uploads\/APIb\/12J\/Grupo02\/Relatorio\/1.pdf\" target=\"_blank\" rel=\"noopener noreferrer\"><img decoding=\"async\" style=\"border-width: 0px;\" src=\"https:\/\/apib.esccb.pt\/2023-24\/J\/wp-content\/uploads\/pdf.png\" width=\"75\" \/><\/a><b><\/b>\r\n\r\n<p>Grupo-03<\/p>\r\n<b>Lara Andrade -R\u00faben S\u00e1 &#8211; Rodrigo Moura<\/b>\r\n<p>\r\n<a href=\"https:\/\/apib.esccb.pt\/2023-24\/J\/wp-content\/uploads\/APIb\/12J\/Grupo03\/Relatorio\/1.pdf\" target=\"_blank\" rel=\"noopener noreferrer\"><img decoding=\"async\" style=\"border-width: 0px;\" src=\"https:\/\/apib.esccb.pt\/2023-24\/J\/wp-content\/uploads\/pdf.png\" width=\"75\" \/><\/a><b><\/b>\r\n\r\n<p>Grupo-04<\/p>\r\n<b>Vasco Carvalho &#8211; Eduardo Lucas<\/b>\r\n<p>\r\n<a href=\"https:\/\/apib.esccb.pt\/2023-24\/J\/wp-content\/uploads\/APIb\/12J\/Grupo04\/Relatorio\/1.pdf\" target=\"_blank\" rel=\"noopener noreferrer\"><img decoding=\"async\" style=\"border-width: 0px;\" src=\"https:\/\/apib.esccb.pt\/2023-24\/J\/wp-content\/uploads\/pdf.png\" width=\"75\" \/><\/a><b><\/b>\r\n\r\n<p>Grupo-05<\/p>\r\n<b>Sofia Fernandes &#8211; Beatriz Cortez<\/b>\r\n<p>\r\n<a href=\"https:\/\/apib.esccb.pt\/2023-24\/J\/wp-content\/uploads\/APIb\/12J\/Grupo05\/Relatorio\/1.pdf\" target=\"_blank\" rel=\"noopener noreferrer\"><img decoding=\"async\" style=\"border-width: 0px;\" src=\"https:\/\/apib.esccb.pt\/2023-24\/J\/wp-content\/uploads\/pdf.png\" width=\"75\" \/><\/a><b><\/b>\r\n\r\n<p>Grupo-06<\/p>\r\n<b>Sim\u00e3o Mendes &#8211; Gabriela Serino<\/b>\r\n<p>\r\n<a href=\"https:\/\/apib.esccb.pt\/2023-24\/J\/wp-content\/uploads\/APIb\/12J\/Grupo06\/Relatorio\/1.pdf\" target=\"_blank\" rel=\"noopener noreferrer\"><img decoding=\"async\" style=\"border-width: 0px;\" src=\"https:\/\/apib.esccb.pt\/2023-24\/J\/wp-content\/uploads\/pdf.png\" width=\"75\" \/><\/a><b><\/b>\r\n\r\n<p>Grupo-07<\/p>\r\n<b>Daniel Tryhub &#8211; Cla\u00fadio Silva<\/b>\r\n<p>\r\n<a href=\"https:\/\/apib.esccb.pt\/2023-24\/J\/wp-content\/uploads\/APIb\/12J\/Grupo07\/Relatorio\/1.pdf\" target=\"_blank\" rel=\"noopener noreferrer\"><img decoding=\"async\" style=\"border-width: 0px;\" src=\"https:\/\/apib.esccb.pt\/2023-24\/J\/wp-content\/uploads\/pdf.png\" width=\"75\" \/><\/a><b><\/b>\r\n\r\n<p>Grupo-08<\/p>\r\n<b>Laura Esteves &#8211; Mariana Pereira<\/b>\r\n<p>\r\n<a href=\"https:\/\/apib.esccb.pt\/2023-24\/J\/wp-content\/uploads\/APIb\/12J\/Grupo08\/Relatorio\/1.pdf\" target=\"_blank\" rel=\"noopener noreferrer\"><img decoding=\"async\" style=\"border-width: 0px;\" src=\"https:\/\/apib.esccb.pt\/2023-24\/J\/wp-content\/uploads\/pdf.png\" width=\"75\" \/><\/a><b><\/b>\r\n\r\n<p>Grupo-09<\/p>\r\n<b>Merc\u00eas Faria &#8211; In\u00eas Ferreira<\/b>\r\n<p>\r\n<a href=\"https:\/\/apib.esccb.pt\/2023-24\/J\/wp-content\/uploads\/APIb\/12J\/Grupo09\/Relatorio\/1.pdf\" target=\"_blank\" rel=\"noopener noreferrer\"><img decoding=\"async\" style=\"border-width: 0px;\" src=\"https:\/\/apib.esccb.pt\/2023-24\/J\/wp-content\/uploads\/pdf.png\" width=\"75\" \/><\/a><b><\/b>\r\n\r\n<p>Grupo-10<\/p>\r\n<b>B\u00e1rbara Moreira &#8211; Margarida Costa &#8211; Catarina Oliveira<\/b>\r\n<p>\r\n<a href=\"https:\/\/apib.esccb.pt\/2023-24\/J\/wp-content\/uploads\/APIb\/12J\/Grupo10\/Relatorio\/1.pdf\" target=\"_blank\" rel=\"noopener noreferrer\"><img decoding=\"async\" style=\"border-width: 0px;\" src=\"https:\/\/apib.esccb.pt\/2023-24\/J\/wp-content\/uploads\/pdf.png\" width=\"75\" \/><\/a><b><\/b>\r\n\r\n<p>Grupo-11<\/p>\r\n<b>Artur Ferreira &#8211; Ricardo Lima<\/b>\r\n<p>\r\n<a href=\"https:\/\/apib.esccb.pt\/2023-24\/J\/wp-content\/uploads\/APIb\/12J\/Grupo11\/Relatorio\/1.pdf\" target=\"_blank\" rel=\"noopener noreferrer\"><img decoding=\"async\" style=\"border-width: 0px;\" src=\"https:\/\/apib.esccb.pt\/2023-24\/J\/wp-content\/uploads\/pdf.png\" width=\"75\" \/><\/a><b><\/b>","protected":false},"excerpt":{"rendered":"<p>Grupo-01 Gustavo Faria &#8211; Sim\u00e3o Tinoco Grupo-02 Oleksandr &#8211; Diogo Serraa Grupo-03 Lara Andrade -R\u00faben S\u00e1 &#8211; Rodrigo Moura Grupo-04 Vasco Carvalho &#8211; Eduardo Lucas Grupo-05 Sofia Fernandes &#8211; Beatriz Cortez Grupo-06 Sim\u00e3o Mendes &#8211; Gabriela Serino Grupo-07 Daniel Tryhub &#8211; Cla\u00fadio Silva Grupo-08 Laura Esteves &#8211; Mariana Pereira Grupo-09 Merc\u00eas Faria &#8211; In\u00eas Ferreira [&hellip;]<\/p>\n","protected":false},"author":2,"featured_media":0,"parent":0,"menu_order":0,"comment_status":"closed","ping_status":"closed","template":"","meta":{"footnotes":""},"class_list":["post-26","page","type-page","status-publish","hentry"],"_links":{"self":[{"href":"https:\/\/apib.esccb.pt\/2023-24\/J\/wp-json\/wp\/v2\/pages\/26","targetHints":{"allow":["GET"]}}],"collection":[{"href":"https:\/\/apib.esccb.pt\/2023-24\/J\/wp-json\/wp\/v2\/pages"}],"about":[{"href":"https:\/\/apib.esccb.pt\/2023-24\/J\/wp-json\/wp\/v2\/types\/page"}],"author":[{"embeddable":true,"href":"https:\/\/apib.esccb.pt\/2023-24\/J\/wp-json\/wp\/v2\/users\/2"}],"replies":[{"embeddable":true,"href":"https:\/\/apib.esccb.pt\/2023-24\/J\/wp-json\/wp\/v2\/comments?post=26"}],"version-history":[{"count":3,"href":"https:\/\/apib.esccb.pt\/2023-24\/J\/wp-json\/wp\/v2\/pages\/26\/revisions"}],"predecessor-version":[{"id":81,"href":"https:\/\/apib.esccb.pt\/2023-24\/J\/wp-json\/wp\/v2\/pages\/26\/revisions\/81"}],"wp:attachment":[{"href":"https:\/\/apib.esccb.pt\/2023-24\/J\/wp-json\/wp\/v2\/media?parent=26"}],"curies":[{"name":"wp","href":"https:\/\/api.w.org\/{rel}","templated":true}]}}